st common factor of 189 and h?
27
Let d be 3/(2/10 + 0). Let j(r) = 3*r**3 - 4*r**2 - r + 3. Let n be j(3). Calculate the greatest common divisor of d and n.
15
Let x = 109 + -1. Let q be (0 + 1 - -2)/(1 - 44/48). Calculate the highest common divisor of x and q.
36
Let w = 19 + -17. Suppose -4*s = -21 + 5, -2*x - w*s - 34 = 0. Let z be 3*-8*x/28. What is the highest common factor of z and 6?
6
Let v(j) = 6*j + 2. Let h be v(1). Suppose 4*n = h*n - 24. Calculate the greatest common factor of 54 and n.
6
Let x be (3 + (-14)/6)*(-9)/(-2). Suppose 0 + 9 = x*n. Suppose 0 = s - 2. Calculate the greatest common factor of n and s.
1
Let p be 15/((-132)/27 - -5). Let i = 100 - 53. Suppose -13 = -4*m + i. Calculate the highest common factor of p and m.
15
Suppose 13*y = -3*y + 736. What is the highest common divisor of y and 966?
46
Suppose -q + 53 = -4*g - 11, q + 3*g - 78 = 0. Calculate the greatest common factor of 48 and q.
24
Let g(y) be the third derivative of 0*y - 1/6*y**3 + 0 - 1/24*y**4 + 5*y**2 + 1/5*y**5. Let h be g(2). What is the greatest common factor of h and 9?
9
Suppose -2 = -0*z - z. Let a be 665 + (2 - z - 0). Suppose -3*j - 815 = -5*t, -2*j = 4*t - 7*j - a. Calculate the highest common divisor of t and 20.
20
Let d = -27 - -31. Let j = d - 20. Let t = 20 + j. What is the highest common factor of t and 44?
4
Let m be (-3*25/15)/(2/(-10)). What is the greatest common divisor of 300 and m?
25
Let l = 244 + -237. What is the highest common divisor of 1 and l?
1
Suppose 68*c - 600 = 56*c. What is the highest common factor of 10 and c?
10
Let q be (4/8)/((-24)/(-14688)). What is the greatest common factor of 136 and q?
34
Let r(k) = 2*k**2 - 45*k + 2. Let y be r(24). Suppose 0 = -0*u - 5*u + 555. Calculate the greatest common factor of y and u.
37
Suppose -20 = -k - 16. Suppose -5*p = 2*d - d - 808, k*d = 2*p - 332. Calculate the greatest common divisor of 18 and p.
18
Suppose -34 - 22 = -7*q. Let b be (q/(-6))/(4/(-6)). Suppose 4*c - c = -s + 6, -b*s + c = -12. What is the highest common factor of s and 66?
6
Suppose -9*b + 6849 = -4176. What is the greatest common divisor of b and 7?
7
Suppose q - r - 11 = 3*r, 0 = 5*q - 2*r - 19. Let y be (0 - 2)/(q/(-198)). Suppose -9*o = 19*o - 336. Calculate the greatest common divisor of y and o.
12
Suppose 8*a - 7*a = -22. Let z = a - -24. Let p be (-276)/(-15) + 4/(-10). Calculate the highest common divisor of z and p.
2
Suppose -1080 = -5*h - 10*h. Calculate the greatest common divisor of 54 and h.
18
Suppose 4*d - 3*y - 253 = -2, -4*d + 248 = -4*y. Let l = -37 + d. Calculate the highest common divisor of l and 140.
28
Suppose -157*d - 840 = -165*d. What is the greatest common factor of d and 84?
21
Suppose 0 = 4*b - 20, 0 = 2*y + 4*b + b - 35. Calculate the highest common factor of 2 and y.
1
Let w be 2*6*(133/21 - 3). What is the highest common divisor of w and 40?
40
Let h be 30/((-2)/(-4) - (-2 - -1)). Let d be -5*h/(-25) - -4. What is the highest common factor of 16 and d?
8
Let t = 729 - 531. What is the highest common factor of 22 and t?
22
Suppose 0 = a + 3*y - 18, -3 - 7 = a - 4*y. Suppose 3*p = -3*n + 390, -2*n - 1 = 7. Let t = p + -86. Calculate the greatest common factor of a and t.
6
Let u be 2 - (1 - (-1 - -5)). Let v = -129 - -169. Let x be -20 + 15 + v/1. Calculate the greatest common factor of u and x.
5
Suppose a = -11*a + 912. Suppose -7*f - 27 + a = 0. Suppose 3*w - 2*k - 189 = 0, 0 = k + k. What is the greatest common factor of w and f?
7
Let w(s) = s**2 - 6*s - 30. Let l be w(10). What is the highest common factor of 4 and l?
2
Let z(u) = -42*u - 5. Let v be z(-6). Calculate the highest common divisor of 13 and v.
13
Suppose 3*f - 27 = 5*j, f + 4*j = -1 - 7. Suppose 0 = -f*o + o + 126. What is the highest common divisor of o and 63?
21
Suppose 2*t - 30 = -t. Let c = 623 + -618. Calculate the highest common factor of t and c.
5
Let u = -195 - -215. What is the highest common factor of 70 and u?
10
Suppose 2*g = 223 - 47. Calculate the greatest common divisor of g and 220.
44
Let c(y) = y**3 - 2*y**2 - 3*y + 10. Let j be c(2). Calculate the highest common factor of j and 6.
2
Suppose -4*j = -3*n - 0*n - 45, -4*n + 52 = 4*j. Let o(s) = s**2 - 7*s + 30. Let i be o(j). Calculate the greatest common factor of 10 and i.
10
Let r(b) = -b**2 + b + 6. Suppose 3*w - 2 = z + 1, 2*w + 5 = 3*z. Let o be r(z). Let v be 2 - (-1 + o/2). Calculate the greatest common factor of 3 and v.
3
Let i(u) = -9*u - 3. Let f be i(-7). Let y be 910/6 + -2 - (-1)/3. Calculate the highest common factor of y and f.
30
Let l be (1 - 6)/(0 - 1). Suppose -7*i + l*i = -40. What is the greatest common factor of i and 80?
20
Suppose -c = 756 - 779. What is the highest common factor of 391 and c?
23
Let s be 14/(-7)*(-8 + 3 + 1). What is the highest common factor of s and 20?
4
Let r = 657 + -487. Calculate the greatest common factor of 20 and r.
10
Let f(p) = -p + 16. Let k be f(12). Suppose 0 = -s + 3*b + 4 + k, 3*s - 3*b - 54 = 0. What is the greatest common factor of s and 253?
23
Let w(z) = 4*z - 6. Let l be w(-3). Let m be 18*3/l*-4. Let d = m - 11. Calculate the greatest common factor of d and 9.
1
Let w = 1168 + -1140. Calculate the greatest common divisor of 1414 and w.
14
Let s = 556 + -672. Let j be 450/7 + (-4)/14. Let v = j - s. What is the highest common divisor of v and 18?
18
Suppose 6*p - p - 30 = 0. Let b = p - -2. Calculate the highest common factor of b and 88.
8
Let o = -117 + 124. What is the greatest common factor of o and 35?
7
Let o = -1469 - -1563. What is the greatest common divisor of o and 2726?
94
Let w(h) be the first derivative of -35*h**2/2 - 26*h + 14. Let p be w(-4). What is the highest common factor of p and 6?
6
Suppose -3*y - 9 = 0, -o + 4 + 11 = 2*y. What is the greatest common divisor of 6 and o?
3
Suppose -d - 4*o = -0 - 5, d + 3*o = 8. Suppose -d*u = -8*u - 189. Calculate the greatest common divisor of 14 and u.
7
Suppose 0 = 3*t - 6*t + 12. Suppose -t*i + 73 - 33 = 0. What is the highest common divisor of 70 and i?
10
Suppose -2*d - 4*f = -58, -3*f - 79 + 0 = -2*d. Let a = -58 + 49. Let j be (a - -19) + 2*2. What is the greatest common factor of d and j?
7
Suppose -r = -5, 4*r - 16 = 12*x - 14*x. Let a(t) = t**2 - 4*t + 2. Let l be a(6). Let u = x + l. Calculate the greatest common divisor of u and 12.
12
Suppose -5*x - 4*o + 17 + 35 = 0, 31 = 2*x + 5*o. Let n = 440 + -439. Calculate the highest common divisor of x and n.
1
Let i = 241 - 196. Calculate the greatest common factor of i and 315.
45
Let k = 217 + -100. Let o be 12 + -8 + k + -1. Calculate the greatest common factor of 90 and o.
30
Suppose 4*d - 3*d + 4*w - 29 = 0, 2*d + 5*w = 61. Calculate the highest common divisor of 121 and d.
11
Let b = 26 + -20. Suppose o = -2*u + b*u - 1042, 0 = -o + 2. What is the greatest common factor of u and 29?
29
Let l = 956 - 446. Calculate the greatest common factor of 60 and l.
30
Let o be (-3)/(-18) + (-429)/(-18). Let b = o - 16. Suppose -3*k + b*k - 45 = 0. Calculate the highest common factor of 3 and k.
3
Suppose 4 = -q, 2*g + 0*q - 1926 = 2*q. Suppose -5*v - 2*y + y + g = 0, v - 187 = -5*y. What is the greatest common factor of 24 and v?
24
Suppose -4*c + 2*c - 4*p = -16, 5*c - 2*p = 40. Let j be c/(-10)*-158 - 20/50. Calculate the greatest common divisor of 84 and j.
42
Let f be -1*(6/2 + (-3 - -2)). Let i be ((-26)/6 - (f - 2))*-30. Calculate the highest common divisor of 25 and i.
5
Let d(j) = 17*j**2 + 13*j - 112. Let q be d(6). Calculate the greatest common factor of 34 and q.
34
Suppose -2*h + 0*h = -2*w - 326, 5*h - 4*w - 811 = 0. Suppose -59 = -2*u + h. Suppose -4*m - u = -333. Calculate the greatest common factor of 7 and m.
7
Suppose 56 = 8*y - 0*y. What is the greatest common factor of 9 and y?
1
Suppose 5*l = 4*r - 5*r + 710, 0 = r. Suppose 104 = u - 2*n, 3*u + n = -0*n + 277. Let h = l - u. What is the highest common factor of h and 72?
24
Let t(z) = 22*z - 5. Let r be t(1). Let l be (r + -1)*12/16. Let h(d) = d**2 - 10*d - 12. Let m be h(12). Calculate the highest common divisor of m and l.
12
Let n = 171 - -124. Calculate the highest common factor of n and 59.
59
Suppose 15*j - 18*j + 84 = 0. Let d be 2 - (24/j)/(2/(-56)). Calculate the highest common